)/2). Suppose b*p - 54 = 198. What is the greatest common divisor of p and r?
9
Suppose -3*w - 5*a = -185, -2*a + 5 = 3. Calculate the greatest common divisor of w and 6.
6
Let r = -3 + 59. Let q be 2/3 - r/(-6). Let b(j) = -3*j - 1. Let v be b(-1). What is the greatest common divisor of v and q?
2
Let d be 4741/99 - 2/(-18). What is the highest common factor of 1416 and d?
24
Suppose -2*m + 140 + 124 = 0. Calculate the greatest common divisor of m and 99.
33
Let u = 2 - -10. Let j be 6/9 - (-2)/(-3). Suppose j = -4*d + 198 - 6. What is the greatest common divisor of u and d?
12
Let b(y) = 5*y - 2. Let q(g) = -1. Let p(t) = b(t) - 6*q(t). Let i be p(4). What is the greatest common factor of i and 240?
24
Suppose -5*x = -179 - 171. Suppose 2*n + 2 - x = 4*b, -4*b = 16. Suppose 5*c - 189 = 3*j, -24*j + 8 = -20*j. Calculate the greatest common factor of n and c.
13
Let y = 257 + -49. Let a = 79 - 66. What is the highest common divisor of y and a?
13
Let u be 183 + (0 + 2)*(-1 + 3). What is the highest common factor of u and 11?
11
Let d be -3*1/2 + 143/26. Suppose d*x + 22 = 374. Let w be 2/6 + (-32)/(-3). What is the greatest common factor of x and w?
11
Let i be (-288)/(-24) + -4*(2 - 1). Let v be i/(-6)*(2 + 995/(-10)). What is the greatest common divisor of 26 and v?
26
Let f(n) = 6*n - 10. Let d be f(3). Let t = 28 - d. Calculate the highest common factor of 4 and t.
4
Let u = -272 - -275. What is the highest common factor of 1 and u?
1
Let s(r) = 2*r**3 + r**2 - 11*r + 22. Let j be s(2). What is the greatest common factor of j and 4?
4
Suppose -5*f + 15*f = 240. What is the greatest common factor of 96 and f?
24
Let h = 771 + -307. Calculate the highest common factor of 58 and h.
58
Suppose 4*h = -h + 2235. Calculate the greatest common divisor of 6 and h.
3
Let f(h) = h**3 + 6*h**2 + 4*h. Let v be f(-4). Let p = -752 + 912. Calculate the greatest common factor of p and v.
16
Suppose -2*i + l = -4, i - 4*l = -0*i + 2. Suppose 3*d - 57 = -10*p + 5*p, 2*p + 54 = i*d. What is the highest common divisor of 3 and d?
3
Let v = -1 + 5. Suppose v*a = -a. Suppose -2*m + 5*d - 3 - 6 = a, -3*m - 4*d = -44. What is the greatest common factor of 4 and m?
4
Let p(q) be the first derivative of -q - 3 - 41/2*q**2. Let n be p(-1). What is the greatest common factor of 16 and n?
8
Suppose 5*w - 27 = 8*w. Let o = w + 6. Let i(t) = -2*t**3 + 3*t**2 + 5*t + 6. Let h be i(o). Calculate the greatest common divisor of 9 and h.
9
Suppose 3*g + 0*g - 57 = 0. Let l be (9/(-12))/((-1)/4). Suppose -5*n - 234 = -j, 2*j = 3*j + l*n - 194. Calculate the greatest common factor of g and j.
19
Let k(z) = z**3 - 9*z**2 + 10*z - 2. Let t be k(8). Let p be (11 + -18)*(-4)/t. Let i = -9 - -10. Calculate the highest common divisor of i and p.
1
Let s be ((-46)/8 + -1)*224/(-12). What is the highest common factor of s and 36?
18
Let m be 4 + (-14)/7 + (-6 - -92). Calculate the greatest common factor of 1408 and m.
88
Let u(k) be the first derivative of k**2/2 + 2*k + 10. Let l be u(-11). Let b be 22 + 1 - (5 + l). What is the greatest common divisor of 9 and b?
9
Suppose -4*t + 8 = 0, t = 2*n + 2*t - 36. Suppose 34 = h - 5*j, -3*j = 3*h - j - n. What is the greatest common divisor of 63 and h?
9
Suppose 12*y = 15*y - 120. What is the highest common factor of y and 10?
10
Let a be (4/(-14))/((-8)/28). Suppose 5*i = -0*i + 20. Let x = i + 5. What is the greatest common divisor of a and x?
1
Suppose -2*u - 214 = -2*v + 360, -5*v + 1443 = 3*u. Let k(m) = 30*m**2 - 2*m. Let t be k(-1). What is the highest common factor of v and t?
32
Let m be 3*(3 - 2)*1. Let w(c) = 36*c + 4. Let u(i) = -35*i - 3. Let q(g) = m*w(g) + 4*u(g). Let l be q(-2). What is the greatest common factor of l and 96?
32
Let k = 10 - 6. Let w = k + -1. Let g(p) = 2*p**3 - 3*p**2 + 3*p - 1. Let h be g(w). What is the highest common divisor of 14 and h?
7
Let j(x) = 2*x - 21. Let r be j(11). Let d be ((-15)/5 + -33)/r. Let l be 1/9 + (-4208)/d. What is the highest common factor of 13 and l?
13
Suppose 4*s - 77 = 51. Suppose -5*b = -3*b - s. What is the greatest common divisor of b and 8?
8
Suppose -39*u - 72 = -41*u. Calculate the greatest common divisor of 16 and u.
4
Let m = 46 - 64. Let n = m - -39. What is the greatest common factor of n and 105?
21
Suppose 40 = 5*j - 0*j. Suppose 3*d = j*d. Suppose f = -d*f + 7. What is the greatest common divisor of f and 1?
1
Suppose -20*a + 25*a - 2*y - 3710 = 0, 4*y + 2240 = 3*a. Calculate the greatest common factor of 20 and a.
20
Let r be 0 + -2*(-7 - -5). What is the highest common divisor of r and 548?
4
Let j be 2*(-1)/(1/(-21)). Suppose 17*g + 31 = 1459. What is the greatest common divisor of g and j?
42
Let f(a) = 5*a**2 + 20*a - 18. Let z be f(-6). What is the greatest common divisor of z and 4?
2
Let p(s) = 8*s + 9. Let l be p(4). Suppose l*y = 46*y - 40. Calculate the greatest common factor of 16 and y.
8
Let m = 389 + -383. What is the greatest common factor of m and 75?
3
Let b be (-2 + (0 - 56))/(4/(-2)). Suppose -4*d - b = -u, -d - 74 = -4*u + d. Calculate the highest common factor of u and 119.
17
Let q(w) = w**2 - 13*w + 10. Let f(o) = -o**2 + 9*o - 7. Let z be f(5). Let u be q(z). What is the greatest common factor of 70 and u?
10
Let s be (((-459)/(-6))/(-9))/(2/4). Let v(p) = -13*p + 24. Let r be v(s). What is the greatest common divisor of r and 49?
49
Suppose -13*g + 7 = -6*g. Let q be -1 - g - (-3 - 2). Let v be 2/(((-4)/(-15))/2). Calculate the highest common factor of v and q.
3
Let o = -235 + 402. Suppose 0 = -3*i - 6*h + h + o, 2*i - 86 = 3*h. What is the greatest common divisor of i and 7?
7
Suppose 2*a = -s - 2*a - 14, 0 = -2*s + 4*a + 20. Let p be 1/(-4)*s*-2. Suppose 20*n = 270 - 130. What is the greatest common divisor of n and p?
1
Suppose -2*k + 5*h + 7 = -20, 3*k + 4*h - 29 = 0. Calculate the highest common divisor of 704 and k.
11
Suppose 126 = y - 3*s, y - 411 = -2*y - 2*s. Suppose 10*c - 12*c = 198. Let q = -84 - c. What is the greatest common divisor of y and q?
15
Let m be 4 + 1 + (3 - 2). Let i(p) = 48*p - 13. Let h be i(m). What is the highest common divisor of h and 25?
25
Let x(z) = 14*z**2 - 1. Let q be x(-1). Let h(s) = -s - 14. Let p be h(-12). Let l be 103 + (7/(-28))/(p/8). What is the highest common factor of q and l?
13
Suppose 0 = b + 2*b - 30. Let k be 48/80 - (-154)/b. Let s = 5 + -1. Calculate the greatest common divisor of s and k.
4
Suppose -2 = -g - 3*z + 2, 4*g + 12 = 2*z. Let x = 40 - g. Calculate the highest common factor of x and 105.
21
Let v(a) = -4*a**3 + 2*a**2 - 3*a + 5. Let l be v(2). Let t = -14 - l. What is the highest common divisor of t and 176?
11
Suppose -50 = -2*o - 10. Let f be -4*(-4)/32*o. What is the highest common divisor of f and 30?
10
Let m(z) = 2*z - 2. Let l be (-12 + 5)*(1 + -2). Let s be m(l). Suppose -4*x + 7 = -9. Calculate the highest common divisor of x and s.
4
Suppose v - 148 = -3*t, -23*v = -28*v - 5*t + 700. Calculate the greatest common factor of v and 8.
8
Let x(u) = -u**2 - 15*u - 13. Let o be x(-14). Let r = -7 - -24. Suppose -v + 5 = 1, r = 3*b - v. Calculate the greatest common divisor of b and o.
1
Let b(d) = 5*d + 9. Let p be b(22). What is the greatest common divisor of 14 and p?
7
Let o be 54/(-21)*70/(-15). Let g(t) = 2*t - 7*t**3 + 6*t**3 + 7*t**2 + 3*t - 2*t - 9. Let w be g(7). Calculate the greatest common divisor of w and o.
12
Let h be (-14)/(-1)*1253/56*4. What is the greatest common factor of h and 7?
7
Suppose -4*f + 2 = -2*a, -f - 2*f = -5*a + 9. Let i = 9 + -8. Let w(x) = 17*x + 1. Let b be w(i). What is the greatest common factor of a and b?
3
Suppose -3*t = -5*u - 72, 0*t = -4*t + 3*u + 96. Let j = 48 - 12. Calculate the greatest common divisor of t and j.
12
Suppose -1979 + 583 = -4*w - 2*o, -2 = o. What is the highest common factor of 112 and w?
14
Let v(o) = 12*o - 128. Let d be v(13). What is the highest common factor of 252 and d?
28
Suppose 492 = -3*y + 57. Let d = -85 - y. Let r be (1*6)/(1/2). What is the greatest common factor of r and d?
12
Let g be (11/4)/(2/12*(-45)/(-30)). Let d be 0 - (2 - 7)/1. Suppose -4*p + a + 83 = -2*p, -4*p - d*a = -201. Calculate the highest common factor of g and p.
11
Let v = 95 - -161. What is the highest common div